64.71.131.248 - - [21/Mar/2026:10:24:13 -0700] "GET /wp-content/uploads/2025/07/maid-1.svg HTTP/2.0" 200 1113 "https://jussuremdad.sa/service-two/" "Mozilla/5.0 (compatible; ev-crawler/1.0; +https://headline.com/legal/crawler)" 18 **0/18091**
64.71.131.248 - - [21/Mar/2026:10:24:13 -0700] "GET /wp-content/uploads/2025/07/farmer.svg HTTP/2.0" 200 1787 "https://jussuremdad.sa/service-two/" "Mozilla/5.0 (compatible; ev-crawler/1.0; +https://headline.com/legal/crawler)" 18 **0/18516**
64.71.131.248 - - [21/Mar/2026:10:24:13 -0700] "GET /wp-content/uploads/2025/07/nurse.svg HTTP/2.0" 200 1379 "https://jussuremdad.sa/service-two/" "Mozilla/5.0 (compatible; ev-crawler/1.0; +https://headline.com/legal/crawler)" 18 **0/18743**
64.71.131.248 - - [21/Mar/2026:10:24:13 -0700] "GET /wp-content/uploads/2025/07/man-avatar.svg HTTP/2.0" 200 1605 "https://jussuremdad.sa/service-two/" "Mozilla/5.0 (compatible; ev-crawler/1.0; +https://headline.com/legal/crawler)" 20 **0/20051**
18.232.58.189 - - [21/Mar/2026:10:24:11 -0700] "GET / HTTP/1.1" 200 31983 "-" "Mozilla/5.0 (Windows NT 10.0; Win64; x64) AppleWebKit/537.36 (KHTML, like Gecko) Chrome/137.0.0.0 Safari/537.36" 1256 **1/1256687**
64.71.131.248 - - [21/Mar/2026:10:24:13 -0700] "GET /wp-content/uploads/elementor/google-fonts/fonts/tajawal-d8f93e83.woff2 HTTP/2.0" 200 10000 "https://jussuremdad.sa/wp-content/uploads/elementor/google-fonts/css/tajawal.css?ver=1757322779" "Mozilla/5.0 (compatible; ev-crawler/1.0; +https://headline.com/legal/crawler)" 8 **0/8523**
64.71.131.248 - - [21/Mar/2026:10:24:14 -0700] "GET /wp-content/plugins/elementor-pro/assets/js/media-carousel.afbaabb756a7c18ddb09.bundle.min.js HTTP/2.0" 200 1946 "https://jussuremdad.sa/service-two/" "Mozilla/5.0 (compatible; ev-crawler/1.0; +https://headline.com/legal/crawler)" 10 **0/10883**
64.71.131.248 - - [21/Mar/2026:10:24:14 -0700] "GET /wp-json/contact-form-7/v1/contact-forms/233/feedback/schema HTTP/2.0" 200 236 "https://jussuremdad.sa/service-two/" "Mozilla/5.0 (compatible; ev-crawler/1.0; +https://headline.com/legal/crawler)" 778 **0/778066**
18.232.58.189 - - [21/Mar/2026:10:24:14 -0700] "GET / HTTP/1.1" 200 31983 "-" "Mozilla/5.0 (Windows NT 10.0; Win64; x64) AppleWebKit/537.36 (KHTML, like Gecko) Chrome/137.0.0.0 Safari/537.36" 1292 **1/1292798**
35.198.248.66 - - [21/Mar/2026:10:24:16 -0700] "GET / HTTP/2.0" 200 34590 "-" "GoogleStackdriverMonitoring-UptimeChecks(https://cloud.google.com/monitoring)" 1191 **1/1191988**
35.199.123.150 - - [21/Mar/2026:10:24:16 -0700] "GET / HTTP/2.0" 200 34590 "-" "GoogleStackdriverMonitoring-UptimeChecks(https://cloud.google.com/monitoring)" 1227 **1/1227191**
104.197.30.241 - - [21/Mar/2026:10:24:18 -0700] "GET / HTTP/2.0" 200 34590 "-" "GoogleStackdriverMonitoring-UptimeChecks(https://cloud.google.com/monitoring)" 1201 **1/1201581**
35.205.234.10 - - [21/Mar/2026:10:24:20 -0700] "GET / HTTP/2.0" 200 34590 "-" "GoogleStackdriverMonitoring-UptimeChecks(https://cloud.google.com/monitoring)" 1364 **1/1364417**
18.232.58.189 - - [21/Mar/2026:10:24:22 -0700] "GET / HTTP/1.1" 200 31983 "-" "axios/1.13.5" 1425 **1/1425427**
18.232.58.189 - - [21/Mar/2026:10:24:24 -0700] "GET / HTTP/1.1" 301 1 "-" "Mozilla/5.0 (Windows NT 10.0; Win64; x64) AppleWebKit/537.36 (KHTML, like Gecko) Chrome/137.0.0.0 Safari/537.36" 766 **0/766322**
18.232.58.189 - - [21/Mar/2026:10:24:26 -0700] "GET / HTTP/1.1" 200 31983 "-" "Mozilla/5.0 (Windows NT 10.0; Win64; x64) AppleWebKit/537.36 (KHTML, like Gecko) Chrome/137.0.0.0 Safari/537.36" 1469 **1/1469813**
18.232.58.189 - - [21/Mar/2026:10:24:28 -0700] "GET /contact-us/ HTTP/1.1" 200 20322 "-" "Mozilla/5.0 (Windows NT 10.0; Win64; x64) AppleWebKit/537.36 (KHTML, like Gecko) Chrome/137.0.0.0 Safari/537.36" 1277 **1/1277289**
18.232.58.189 - - [21/Mar/2026:10:24:29 -0700] "GET /about/ HTTP/1.1" 200 21143 "-" "Mozilla/5.0 (Windows NT 10.0; Win64; x64) AppleWebKit/537.36 (KHTML, like Gecko) Chrome/137.0.0.0 Safari/537.36" 1180 **1/1180699**
18.232.58.189 - - [21/Mar/2026:10:24:31 -0700] "GET /faqs/ HTTP/1.1" 200 19829 "-" "Mozilla/5.0 (Windows NT 10.0; Win64; x64) AppleWebKit/537.36 (KHTML, like Gecko) Chrome/137.0.0.0 Safari/537.36" 1125 **1/1125945**
18.232.58.189 - - [21/Mar/2026:10:24:33 -0700] "GET / HTTP/1.1" 200 31983 "-" "Mozilla/5.0 (Windows NT 10.0; Win64; x64) AppleWebKit/537.36 (KHTML, like Gecko) Chrome/137.0.0.0 Safari/537.36" 1206 **1/1206045**
18.232.58.189 - - [21/Mar/2026:10:24:35 -0700] "GET /ar/ HTTP/1.1" 200 32759 "-" "Mozilla/5.0 (Windows NT 10.0; Win64; x64) AppleWebKit/537.36 (KHTML, like Gecko) Chrome/137.0.0.0 Safari/537.36" 1380 **1/1380356**
18.232.58.189 - - [21/Mar/2026:10:24:35 -0700] "GET /service-two/ HTTP/1.1" 200 22497 "-" "Mozilla/5.0 (Windows NT 10.0; Win64; x64) AppleWebKit/537.36 (KHTML, like Gecko) Chrome/137.0.0.0 Safari/537.36" 1376 **1/1376909**
18.232.58.189 - - [21/Mar/2026:10:24:35 -0700] "GET /ar/%d8%a7%d8%aa%d8%b5%d9%84-%d8%a8%d9%86%d8%a7/ HTTP/1.1" 200 22654 "-" "Mozilla/5.0 (Windows NT 10.0; Win64; x64) AppleWebKit/537.36 (KHTML, like Gecko) Chrome/137.0.0.0 Safari/537.36" 1246 **1/1246282**
18.232.58.189 - - [21/Mar/2026:10:24:36 -0700] "GET /ar/%d8%ad%d9%88%d9%84/ HTTP/1.1" 200 21970 "-" "Mozilla/5.0 (Windows NT 10.0; Win64; x64) AppleWebKit/537.36 (KHTML, like Gecko) Chrome/137.0.0.0 Safari/537.36" 1305 **1/1305855**
18.232.58.189 - - [21/Mar/2026:10:24:36 -0700] "GET /ar/%d8%a7%d9%84%d8%a3%d8%b3%d8%a6%d9%84%d8%a9-%d8%a7%d9%84%d8%b4%d8%a7%d8%a6%d8%b9%d8%a9/ HTTP/1.1" 200 21024 "-" "Mozilla/5.0 (Windows NT 10.0; Win64; x64) AppleWebKit/537.36 (KHTML, like Gecko) Chrome/137.0.0.0 Safari/537.36" 1418 **1/1418472**
18.232.58.189 - - [21/Mar/2026:10:24:37 -0700] "GET /ar/%d8%a7%d9%84%d8%ae%d8%af%d9%85%d8%a7%d8%aa/ HTTP/1.1" 200 23624 "-" "Mozilla/5.0 (Windows NT 10.0; Win64; x64) AppleWebKit/537.36 (KHTML, like Gecko) Chrome/137.0.0.0 Safari/537.36" 1326 **1/1326867**
35.236.221.2 - - [21/Mar/2026:10:24:46 -0700] "GET / HTTP/2.0" 200 34590 "-" "GoogleStackdriverMonitoring-UptimeChecks(https://cloud.google.com/monitoring)" 1265 **1/1265692**
92.205.173.246 - - [21/Mar/2026:10:25:01 -0700] "POST /wp-cron.php?doing_wp_cron=1774113901.6750841140747070312500 HTTP/1.1" 200 - "-" "WordPress/6.8.2; https://jussuremdad.sa" 32 **0/32142**
35.199.90.14 - - [21/Mar/2026:10:25:00 -0700] "GET / HTTP/2.0" 200 34590 "-" "GoogleStackdriverMonitoring-UptimeChecks(https://cloud.google.com/monitoring)" 2478 **2/2478058**
35.233.165.146 - - [21/Mar/2026:10:25:06 -0700] "GET / HTTP/2.0" 200 34590 "-" "GoogleStackdriverMonitoring-UptimeChecks(https://cloud.google.com/monitoring)" 1390 **1/1390180**
35.198.194.122 - - [21/Mar/2026:10:25:16 -0700] "GET / HTTP/2.0" 200 34590 "-" "GoogleStackdriverMonitoring-UptimeChecks(https://cloud.google.com/monitoring)" 1357 **1/1357570**
35.239.194.85 - - [21/Mar/2026:10:25:18 -0700] "GET / HTTP/2.0" 200 34590 "-" "GoogleStackdriverMonitoring-UptimeChecks(https://cloud.google.com/monitoring)" 1285 **1/1285016**
35.205.234.10 - - [21/Mar/2026:10:25:20 -0700] "GET / HTTP/2.0" 200 34590 "-" "GoogleStackdriverMonitoring-UptimeChecks(https://cloud.google.com/monitoring)" 1238 **1/1238620**
35.186.167.85 - - [21/Mar/2026:10:25:44 -0700] "GET / HTTP/2.0" 200 34590 "-" "GoogleStackdriverMonitoring-UptimeChecks(https://cloud.google.com/monitoring)" 1302 **1/1302895**
92.205.173.246 - - [21/Mar/2026:10:26:02 -0700] "POST /wp-cron.php?doing_wp_cron=1774113962.0462300777435302734375 HTTP/1.1" 200 - "-" "WordPress/6.8.2; https://jussuremdad.sa" 36 **0/36694**
35.198.36.209 - - [21/Mar/2026:10:26:00 -0700] "GET / HTTP/2.0" 200 34590 "-" "GoogleStackdriverMonitoring-UptimeChecks(https://cloud.google.com/monitoring)" 2515 **2/2515302**
35.185.252.44 - - [21/Mar/2026:10:26:06 -0700] "GET / HTTP/2.0" 200 34590 "-" "GoogleStackdriverMonitoring-UptimeChecks(https://cloud.google.com/monitoring)" 1586 **1/1586761**
35.185.178.105 - - [21/Mar/2026:10:26:16 -0700] "GET / HTTP/2.0" 200 34590 "-" "GoogleStackdriverMonitoring-UptimeChecks(https://cloud.google.com/monitoring)" 1743 **1/1743085**
104.197.30.241 - - [21/Mar/2026:10:26:18 -0700] "GET / HTTP/2.0" 200 34590 "-" "GoogleStackdriverMonitoring-UptimeChecks(https://cloud.google.com/monitoring)" 1742 **1/1742894**
35.205.234.10 - - [21/Mar/2026:10:26:20 -0700] "GET / HTTP/2.0" 200 34590 "-" "GoogleStackdriverMonitoring-UptimeChecks(https://cloud.google.com/monitoring)" 1596 **1/1596453**
35.186.176.31 - - [21/Mar/2026:10:26:42 -0700] "GET / HTTP/2.0" 200 34590 "-" "GoogleStackdriverMonitoring-UptimeChecks(https://cloud.google.com/monitoring)" 1266 **1/1266174**
92.205.173.246 - - [21/Mar/2026:10:27:01 -0700] "POST /wp-cron.php?doing_wp_cron=1774114021.9571380615234375000000 HTTP/1.1" 200 - "-" "WordPress/6.8.2; https://jussuremdad.sa" 23 **0/23407**
35.198.39.162 - - [21/Mar/2026:10:27:01 -0700] "GET / HTTP/2.0" 200 34590 "-" "GoogleStackdriverMonitoring-UptimeChecks(https://cloud.google.com/monitoring)" 1824 **1/1824254**
35.185.252.44 - - [21/Mar/2026:10:27:06 -0700] "GET / HTTP/2.0" 200 34590 "-" "GoogleStackdriverMonitoring-UptimeChecks(https://cloud.google.com/monitoring)" 1499 **1/1499289**
35.198.224.104 - - [21/Mar/2026:10:27:16 -0700] "GET / HTTP/2.0" 200 34590 "-" "GoogleStackdriverMonitoring-UptimeChecks(https://cloud.google.com/monitoring)" 1334 **1/1334724**
35.239.194.85 - - [21/Mar/2026:10:27:18 -0700] "GET / HTTP/2.0" 200 34590 "-" "GoogleStackdriverMonitoring-UptimeChecks(https://cloud.google.com/monitoring)" 1382 **1/1382708**
35.195.128.75 - - [21/Mar/2026:10:27:20 -0700] "GET / HTTP/2.0" 200 34590 "-" "GoogleStackdriverMonitoring-UptimeChecks(https://cloud.google.com/monitoring)" 1540 **1/1540863**
35.186.176.31 - - [21/Mar/2026:10:27:43 -0700] "GET / HTTP/2.0" 200 34590 "-" "GoogleStackdriverMonitoring-UptimeChecks(https://cloud.google.com/monitoring)" 1248 **1/1248931**
92.205.173.246 - - [21/Mar/2026:10:28:01 -0700] "POST /wp-cron.php?doing_wp_cron=1774114081.7668819427490234375000 HTTP/1.1" 200 - "-" "WordPress/6.8.2; https://jussuremdad.sa" 25 **0/25090**
35.199.126.168 - - [21/Mar/2026:10:28:00 -0700] "GET / HTTP/2.0" 200 34590 "-" "GoogleStackdriverMonitoring-UptimeChecks(https://cloud.google.com/monitoring)" 1993 **1/1993632**
35.233.167.246 - - [21/Mar/2026:10:28:06 -0700] "GET / HTTP/2.0" 200 34590 "-" "GoogleStackdriverMonitoring-UptimeChecks(https://cloud.google.com/monitoring)" 1570 **1/1570567**
35.198.248.66 - - [21/Mar/2026:10:28:16 -0700] "GET / HTTP/2.0" 200 34590 "-" "GoogleStackdriverMonitoring-UptimeChecks(https://cloud.google.com/monitoring)" 1430 **1/1430170**
35.238.118.210 - - [21/Mar/2026:10:28:18 -0700] "GET / HTTP/2.0" 200 34590 "-" "GoogleStackdriverMonitoring-UptimeChecks(https://cloud.google.com/monitoring)" 1400 **1/1400388**
35.187.114.193 - - [21/Mar/2026:10:28:20 -0700] "GET / HTTP/2.0" 200 34590 "-" "GoogleStackdriverMonitoring-UptimeChecks(https://cloud.google.com/monitoring)" 1482 **1/1482842**
35.186.176.31 - - [21/Mar/2026:10:28:43 -0700] "GET / HTTP/2.0" 200 34590 "-" "GoogleStackdriverMonitoring-UptimeChecks(https://cloud.google.com/monitoring)" 1224 **1/1224090**
92.205.173.246 - - [21/Mar/2026:10:29:02 -0700] "POST /wp-cron.php?doing_wp_cron=1774114142.2721951007843017578125 HTTP/1.1" 200 - "-" "WordPress/6.8.2; https://jussuremdad.sa" 23 **0/23988**
35.199.77.186 - - [21/Mar/2026:10:29:01 -0700] "GET / HTTP/2.0" 200 34590 "-" "GoogleStackdriverMonitoring-UptimeChecks(https://cloud.google.com/monitoring)" 2476 **2/2476832**
35.233.167.246 - - [21/Mar/2026:10:29:06 -0700] "GET / HTTP/2.0" 200 34590 "-" "GoogleStackdriverMonitoring-UptimeChecks(https://cloud.google.com/monitoring)" 1656 **1/1656968**
35.185.178.105 - - [21/Mar/2026:10:29:16 -0700] "GET / HTTP/2.0" 200 34590 "-" "GoogleStackdriverMonitoring-UptimeChecks(https://cloud.google.com/monitoring)" 1284 **1/1284819**
35.192.92.84 - - [21/Mar/2026:10:29:18 -0700] "GET / HTTP/2.0" 200 34590 "-" "GoogleStackdriverMonitoring-UptimeChecks(https://cloud.google.com/monitoring)" 1222 **1/1222918**
35.195.128.75 - - [21/Mar/2026:10:29:20 -0700] "GET / HTTP/2.0" 200 34590 "-" "GoogleStackdriverMonitoring-UptimeChecks(https://cloud.google.com/monitoring)" 1277 **1/1277867**
35.199.12.162 - - [21/Mar/2026:10:29:42 -0700] "GET / HTTP/2.0" 200 34590 "-" "GoogleStackdriverMonitoring-UptimeChecks(https://cloud.google.com/monitoring)" 1239 **1/1239729**
92.205.173.246 - - [21/Mar/2026:10:30:02 -0700] "POST /wp-cron.php?doing_wp_cron=1774114201.9381310939788818359375 HTTP/1.1" 200 - "-" "WordPress/6.8.2; https://jussuremdad.sa" 68 **0/68682**
35.199.77.186 - - [21/Mar/2026:10:30:00 -0700] "GET / HTTP/2.0" 200 34590 "-" "GoogleStackdriverMonitoring-UptimeChecks(https://cloud.google.com/monitoring)" 2822 **2/2822659**
35.233.165.146 - - [21/Mar/2026:10:30:06 -0700] "GET / HTTP/2.0" 200 34590 "-" "GoogleStackdriverMonitoring-UptimeChecks(https://cloud.google.com/monitoring)" 1510 **1/1510700**
35.233.167.246 - - [21/Mar/2026:10:30:09 -0700] "GET / HTTP/2.0" 200 34590 "-" "GoogleStackdriverMonitoring-UptimeChecks(https://cloud.google.com/monitoring)" 1470 **1/1470956**
35.240.151.105 - - [21/Mar/2026:10:30:16 -0700] "GET / HTTP/2.0" 200 34590 "-" "GoogleStackdriverMonitoring-UptimeChecks(https://cloud.google.com/monitoring)" 1495 **1/1495072**
35.224.249.156 - - [21/Mar/2026:10:30:18 -0700] "GET / HTTP/2.0" 200 34590 "-" "GoogleStackdriverMonitoring-UptimeChecks(https://cloud.google.com/monitoring)" 1224 **1/1224864**
35.187.114.193 - - [21/Mar/2026:10:30:20 -0700] "GET / HTTP/2.0" 200 34590 "-" "GoogleStackdriverMonitoring-UptimeChecks(https://cloud.google.com/monitoring)" 1343 **1/1343114**
35.236.207.68 - - [21/Mar/2026:10:30:42 -0700] "GET / HTTP/2.0" 200 34590 "-" "GoogleStackdriverMonitoring-UptimeChecks(https://cloud.google.com/monitoring)" 1310 **1/1310733**
92.205.173.246 - - [21/Mar/2026:10:31:01 -0700] "POST /wp-cron.php?doing_wp_cron=1774114261.5160140991210937500000 HTTP/1.1" 200 - "-" "WordPress/6.8.2; https://jussuremdad.sa" 20 **0/20539**
35.198.36.209 - - [21/Mar/2026:10:31:00 -0700] "GET / HTTP/2.0" 200 34590 "-" "GoogleStackdriverMonitoring-UptimeChecks(https://cloud.google.com/monitoring)" 1764 **1/1764562**
35.198.248.66 - - [21/Mar/2026:10:31:16 -0700] "GET / HTTP/2.0" 200 34590 "-" "GoogleStackdriverMonitoring-UptimeChecks(https://cloud.google.com/monitoring)" 1223 **1/1223706**
35.224.249.156 - - [21/Mar/2026:10:31:18 -0700] "GET / HTTP/2.0" 200 34590 "-" "GoogleStackdriverMonitoring-UptimeChecks(https://cloud.google.com/monitoring)" 1203 **1/1203969**
35.205.72.231 - - [21/Mar/2026:10:31:20 -0700] "GET / HTTP/2.0" 200 34590 "-" "GoogleStackdriverMonitoring-UptimeChecks(https://cloud.google.com/monitoring)" 1398 **1/1398223**
35.233.165.146 - - [21/Mar/2026:10:31:22 -0700] "GET / HTTP/2.0" 200 34590 "-" "GoogleStackdriverMonitoring-UptimeChecks(https://cloud.google.com/monitoring)" 1267 **1/1267099**
35.199.12.162 - - [21/Mar/2026:10:31:42 -0700] "GET / HTTP/2.0" 200 34590 "-" "GoogleStackdriverMonitoring-UptimeChecks(https://cloud.google.com/monitoring)" 1247 **1/1247365**
92.205.173.246 - - [21/Mar/2026:10:32:02 -0700] "POST /wp-cron.php?doing_wp_cron=1774114322.1879990100860595703125 HTTP/1.1" 200 - "-" "WordPress/6.8.2; https://jussuremdad.sa" 19 **0/19602**
35.198.39.162 - - [21/Mar/2026:10:32:01 -0700] "GET / HTTP/2.0" 200 34590 "-" "GoogleStackdriverMonitoring-UptimeChecks(https://cloud.google.com/monitoring)" 1755 **1/1755296**
35.185.252.44 - - [21/Mar/2026:10:32:06 -0700] "GET / HTTP/2.0" 200 34590 "-" "GoogleStackdriverMonitoring-UptimeChecks(https://cloud.google.com/monitoring)" 1224 **1/1224549**
35.198.194.122 - - [21/Mar/2026:10:32:16 -0700] "GET / HTTP/2.0" 200 34590 "-" "GoogleStackdriverMonitoring-UptimeChecks(https://cloud.google.com/monitoring)" 1229 **1/1229321**
35.238.3.7 - - [21/Mar/2026:10:32:18 -0700] "GET / HTTP/2.0" 200 34590 "-" "GoogleStackdriverMonitoring-UptimeChecks(https://cloud.google.com/monitoring)" 1183 **1/1183940**
35.187.114.193 - - [21/Mar/2026:10:32:20 -0700] "GET / HTTP/2.0" 200 34590 "-" "GoogleStackdriverMonitoring-UptimeChecks(https://cloud.google.com/monitoring)" 1396 **1/1396623**
35.221.55.249 - - [21/Mar/2026:10:32:42 -0700] "GET / HTTP/2.0" 200 34590 "-" "GoogleStackdriverMonitoring-UptimeChecks(https://cloud.google.com/monitoring)" 1214 **1/1214252**
92.205.173.246 - - [21/Mar/2026:10:33:02 -0700] "POST /wp-cron.php?doing_wp_cron=1774114382.1008639335632324218750 HTTP/1.1" 200 - "-" "WordPress/6.8.2; https://jussuremdad.sa" 25 **0/25408**
35.199.123.150 - - [21/Mar/2026:10:33:01 -0700] "GET / HTTP/2.0" 200 34590 "-" "GoogleStackdriverMonitoring-UptimeChecks(https://cloud.google.com/monitoring)" 1833 **1/1833890**
35.197.32.224 - - [21/Mar/2026:10:33:06 -0700] "GET / HTTP/2.0" 200 34590 "-" "GoogleStackdriverMonitoring-UptimeChecks(https://cloud.google.com/monitoring)" 1401 **1/1401705**
35.186.159.51 - - [21/Mar/2026:10:33:16 -0700] "GET / HTTP/2.0" 200 34590 "-" "GoogleStackdriverMonitoring-UptimeChecks(https://cloud.google.com/monitoring)" 1266 **1/1266299**
35.192.92.84 - - [21/Mar/2026:10:33:20 -0700] "GET / HTTP/2.0" 200 34590 "-" "GoogleStackdriverMonitoring-UptimeChecks(https://cloud.google.com/monitoring)" 1267 **1/1267703**
35.195.128.75 - - [21/Mar/2026:10:33:20 -0700] "GET / HTTP/2.0" 200 34590 "-" "GoogleStackdriverMonitoring-UptimeChecks(https://cloud.google.com/monitoring)" 1106 **1/1106794**
35.221.55.249 - - [21/Mar/2026:10:33:43 -0700] "GET / HTTP/2.0" 200 34590 "-" "GoogleStackdriverMonitoring-UptimeChecks(https://cloud.google.com/monitoring)" 1192 **1/1192035**
92.205.173.246 - - [21/Mar/2026:10:34:01 -0700] "POST /wp-cron.php?doing_wp_cron=1774114441.7820439338684082031250 HTTP/1.1" 200 - "-" "WordPress/6.8.2; https://jussuremdad.sa" 22 **0/22239**
35.199.126.168 - - [21/Mar/2026:10:34:00 -0700] "GET / HTTP/2.0" 200 34590 "-" "GoogleStackdriverMonitoring-UptimeChecks(https://cloud.google.com/monitoring)" 1977 **1/1977283**
35.185.252.44 - - [21/Mar/2026:10:34:06 -0700] "GET / HTTP/2.0" 200 34590 "-" "GoogleStackdriverMonitoring-UptimeChecks(https://cloud.google.com/monitoring)" 1324 **1/1324883**
35.240.151.105 - - [21/Mar/2026:10:34:16 -0700] "GET / HTTP/2.0" 200 34590 "-" "GoogleStackdriverMonitoring-UptimeChecks(https://cloud.google.com/monitoring)" 1260 **1/1260102**
35.238.3.7 - - [21/Mar/2026:10:34:18 -0700] "GET / HTTP/2.0" 200 34590 "-" "GoogleStackdriverMonitoring-UptimeChecks(https://cloud.google.com/monitoring)" 1368 **1/1368762**
35.205.72.231 - - [21/Mar/2026:10:34:20 -0700] "GET / HTTP/2.0" 200 34590 "-" "GoogleStackdriverMonitoring-UptimeChecks(https://cloud.google.com/monitoring)" 1232 **1/1232229**
35.221.55.249 - - [21/Mar/2026:10:34:42 -0700] "GET / HTTP/2.0" 200 34590 "-" "GoogleStackdriverMonitoring-UptimeChecks(https://cloud.google.com/monitoring)" 1219 **1/1219633**
92.205.173.246 - - [21/Mar/2026:10:35:02 -0700] "POST /wp-cron.php?doing_wp_cron=1774114502.5763309001922607421875 HTTP/1.1" 200 - "-" "WordPress/6.8.2; https://jussuremdad.sa" 25 **0/25480**
35.198.39.162 - - [21/Mar/2026:10:35:01 -0700] "GET / HTTP/2.0" 200 34590 "-" "GoogleStackdriverMonitoring-UptimeChecks(https://cloud.google.com/monitoring)" 2708 **2/2708082**
35.233.165.146 - - [21/Mar/2026:10:35:06 -0700] "GET / HTTP/2.0" 200 34590 "-" "GoogleStackdriverMonitoring-UptimeChecks(https://cloud.google.com/monitoring)" 1419 **1/1419133**
35.198.224.104 - - [21/Mar/2026:10:35:16 -0700] "GET / HTTP/2.0" 200 34590 "-" "GoogleStackdriverMonitoring-UptimeChecks(https://cloud.google.com/monitoring)" 1298 **1/1298826**
35.224.249.156 - - [21/Mar/2026:10:35:18 -0700] "GET / HTTP/2.0" 200 34590 "-" "GoogleStackdriverMonitoring-UptimeChecks(https://cloud.google.com/monitoring)" 1219 **1/1219995**
35.195.128.75 - - [21/Mar/2026:10:35:20 -0700] "GET / HTTP/2.0" 200 34590 "-" "GoogleStackdriverMonitoring-UptimeChecks(https://cloud.google.com/monitoring)" 1233 **1/1233317**
35.236.221.2 - - [21/Mar/2026:10:35:42 -0700] "GET / HTTP/2.0" 200 34590 "-" "GoogleStackdriverMonitoring-UptimeChecks(https://cloud.google.com/monitoring)" 1225 **1/1225394**
92.205.173.246 - - [21/Mar/2026:10:36:01 -0700] "POST /wp-cron.php?doing_wp_cron=1774114561.8204939365386962890625 HTTP/1.1" 200 - "-" "WordPress/6.8.2; https://jussuremdad.sa" 24 **0/24670**
35.199.123.150 - - [21/Mar/2026:10:36:00 -0700] "GET / HTTP/2.0" 200 34590 "-" "GoogleStackdriverMonitoring-UptimeChecks(https://cloud.google.com/monitoring)" 1854 **1/1854121**
35.233.167.246 - - [21/Mar/2026:10:36:06 -0700] "GET / HTTP/2.0" 200 34590 "-" "GoogleStackdriverMonitoring-UptimeChecks(https://cloud.google.com/monitoring)" 1312 **1/1312272**
35.185.178.105 - - [21/Mar/2026:10:36:17 -0700] "GET / HTTP/2.0" 200 34590 "-" "GoogleStackdriverMonitoring-UptimeChecks(https://cloud.google.com/monitoring)" 1220 **1/1220546**
35.239.194.85 - - [21/Mar/2026:10:36:18 -0700] "GET / HTTP/2.0" 200 34590 "-" "GoogleStackdriverMonitoring-UptimeChecks(https://cloud.google.com/monitoring)" 1242 **1/1242720**
35.240.124.58 - - [21/Mar/2026:10:36:20 -0700] "GET / HTTP/2.0" 200 34590 "-" "GoogleStackdriverMonitoring-UptimeChecks(https://cloud.google.com/monitoring)" 1301 **1/1301044**
35.199.12.162 - - [21/Mar/2026:10:36:43 -0700] "GET / HTTP/2.0" 200 34590 "-" "GoogleStackdriverMonitoring-UptimeChecks(https://cloud.google.com/monitoring)" 1200 **1/1200985**
92.205.173.246 - - [21/Mar/2026:10:37:01 -0700] "POST /wp-cron.php?doing_wp_cron=1774114621.7172069549560546875000 HTTP/1.1" 200 - "-" "WordPress/6.8.2; https://jussuremdad.sa" 22 **0/22016**
35.199.77.186 - - [21/Mar/2026:10:37:00 -0700] "GET / HTTP/2.0" 200 34590 "-" "GoogleStackdriverMonitoring-UptimeChecks(https://cloud.google.com/monitoring)" 1649 **1/1649201**
35.233.206.171 - - [21/Mar/2026:10:37:06 -0700] "GET / HTTP/2.0" 200 34590 "-" "GoogleStackdriverMonitoring-UptimeChecks(https://cloud.google.com/monitoring)" 1375 **1/1375155**
35.186.159.51 - - [21/Mar/2026:10:37:16 -0700] "GET / HTTP/2.0" 200 34590 "-" "GoogleStackdriverMonitoring-UptimeChecks(https://cloud.google.com/monitoring)" 1380 **1/1380883**
35.192.92.84 - - [21/Mar/2026:10:37:18 -0700] "GET / HTTP/2.0" 200 34590 "-" "GoogleStackdriverMonitoring-UptimeChecks(https://cloud.google.com/monitoring)" 1307 **1/1307903**
35.240.124.58 - - [21/Mar/2026:10:37:20 -0700] "GET / HTTP/2.0" 200 34590 "-" "GoogleStackdriverMonitoring-UptimeChecks(https://cloud.google.com/monitoring)" 1261 **1/1261784**
35.199.12.162 - - [21/Mar/2026:10:37:42 -0700] "GET / HTTP/2.0" 200 34590 "-" "GoogleStackdriverMonitoring-UptimeChecks(https://cloud.google.com/monitoring)" 1298 **1/1298046**
92.205.173.246 - - [21/Mar/2026:10:38:02 -0700] "POST /wp-cron.php?doing_wp_cron=1774114682.8176419734954833984375 HTTP/1.1" 200 - "-" "WordPress/6.8.2; https://jussuremdad.sa" 16 **0/16491**
35.199.90.14 - - [21/Mar/2026:10:38:01 -0700] "GET / HTTP/2.0" 200 34590 "-" "GoogleStackdriverMonitoring-UptimeChecks(https://cloud.google.com/monitoring)" 1701 **1/1701933**
35.203.129.73 - - [21/Mar/2026:10:38:06 -0700] "GET / HTTP/2.0" 200 34590 "-" "GoogleStackdriverMonitoring-UptimeChecks(https://cloud.google.com/monitoring)" 1534 **1/1534717**
35.198.194.122 - - [21/Mar/2026:10:38:16 -0700] "GET / HTTP/2.0" 200 34590 "-" "GoogleStackdriverMonitoring-UptimeChecks(https://cloud.google.com/monitoring)" 1320 **1/1320187**
35.192.92.84 - - [21/Mar/2026:10:38:18 -0700] "GET / HTTP/2.0" 200 34590 "-" "GoogleStackdriverMonitoring-UptimeChecks(https://cloud.google.com/monitoring)" 1261 **1/1261142**
35.195.128.75 - - [21/Mar/2026:10:38:20 -0700] "GET / HTTP/2.0" 200 34590 "-" "GoogleStackdriverMonitoring-UptimeChecks(https://cloud.google.com/monitoring)" 1227 **1/1227436**
35.236.207.68 - - [21/Mar/2026:10:38:42 -0700] "GET / HTTP/2.0" 200 34590 "-" "GoogleStackdriverMonitoring-UptimeChecks(https://cloud.google.com/monitoring)" 1173 **1/1173730**
92.205.173.246 - - [21/Mar/2026:10:39:01 -0700] "POST /wp-cron.php?doing_wp_cron=1774114741.5606160163879394531250 HTTP/1.1" 200 - "-" "WordPress/6.8.2; https://jussuremdad.sa" 17 **0/17240**
35.199.126.168 - - [21/Mar/2026:10:39:00 -0700] "GET / HTTP/2.0" 200 34590 "-" "GoogleStackdriverMonitoring-UptimeChecks(https://cloud.google.com/monitoring)" 1752 **1/1752680**
35.233.206.171 - - [21/Mar/2026:10:39:06 -0700] "GET / HTTP/2.0" 200 34590 "-" "GoogleStackdriverMonitoring-UptimeChecks(https://cloud.google.com/monitoring)" 1249 **1/1249549**
35.198.224.104 - - [21/Mar/2026:10:39:16 -0700] "GET / HTTP/2.0" 200 34590 "-" "GoogleStackdriverMonitoring-UptimeChecks(https://cloud.google.com/monitoring)" 1159 **1/1159081**
104.197.30.241 - - [21/Mar/2026:10:39:19 -0700] "GET / HTTP/2.0" 200 34590 "-" "GoogleStackdriverMonitoring-UptimeChecks(https://cloud.google.com/monitoring)" 1209 **1/1209025**
35.205.234.10 - - [21/Mar/2026:10:39:20 -0700] "GET / HTTP/2.0" 200 34590 "-" "GoogleStackdriverMonitoring-UptimeChecks(https://cloud.google.com/monitoring)" 1298 **1/1298951**
35.221.55.249 - - [21/Mar/2026:10:39:42 -0700] "GET / HTTP/2.0" 200 34590 "-" "GoogleStackdriverMonitoring-UptimeChecks(https://cloud.google.com/monitoring)" 1217 **1/1217183**
92.205.173.246 - - [21/Mar/2026:10:40:02 -0700] "POST /wp-cron.php?doing_wp_cron=1774114802.7809329032897949218750 HTTP/1.1" 200 - "-" "WordPress/6.8.2; https://jussuremdad.sa" 40 **0/40430**
35.199.126.168 - - [21/Mar/2026:10:40:01 -0700] "GET / HTTP/2.0" 200 34590 "-" "GoogleStackdriverMonitoring-UptimeChecks(https://cloud.google.com/monitoring)" 2791 **2/2791925**
35.197.32.224 - - [21/Mar/2026:10:40:06 -0700] "GET / HTTP/2.0" 200 34590 "-" "GoogleStackdriverMonitoring-UptimeChecks(https://cloud.google.com/monitoring)" 1460 **1/1460028**
35.198.248.66 - - [21/Mar/2026:10:40:16 -0700] "GET / HTTP/2.0" 200 34590 "-" "GoogleStackdriverMonitoring-UptimeChecks(https://cloud.google.com/monitoring)" 1251 **1/1251449**
35.238.3.7 - - [21/Mar/2026:10:40:18 -0700] "GET / HTTP/2.0" 200 34590 "-" "GoogleStackdriverMonitoring-UptimeChecks(https://cloud.google.com/monitoring)" 1261 **1/1261637**
35.195.128.75 - - [21/Mar/2026:10:40:20 -0700] "GET / HTTP/2.0" 200 34590 "-" "GoogleStackdriverMonitoring-UptimeChecks(https://cloud.google.com/monitoring)" 1314 **1/1314413**
92.205.173.246 - - [21/Mar/2026:10:40:50 -0700] "POST /wp-cron.php?doing_wp_cron=1774114850.3605151176452636718750 HTTP/1.1" 200 - "-" "WordPress/6.8.2; https://jussuremdad.sa" 14 **0/14521**
35.199.12.162 - - [21/Mar/2026:10:40:49 -0700] "GET / HTTP/2.0" 200 34590 "-" "GoogleStackdriverMonitoring-UptimeChecks(https://cloud.google.com/monitoring)" 1214 **1/1214015**
35.198.36.209 - - [21/Mar/2026:10:41:00 -0700] "GET / HTTP/2.0" 200 34590 "-" "GoogleStackdriverMonitoring-UptimeChecks(https://cloud.google.com/monitoring)" 1621 **1/1621608**
35.233.206.171 - - [21/Mar/2026:10:41:07 -0700] "GET / HTTP/2.0" 200 34590 "-" "GoogleStackdriverMonitoring-UptimeChecks(https://cloud.google.com/monitoring)" 1228 **1/1228202**
35.198.194.122 - - [21/Mar/2026:10:41:16 -0700] "GET / HTTP/2.0" 200 34590 "-" "GoogleStackdriverMonitoring-UptimeChecks(https://cloud.google.com/monitoring)" 1286 **1/1286555**
35.224.249.156 - - [21/Mar/2026:10:41:18 -0700] "GET / HTTP/2.0" 200 34590 "-" "GoogleStackdriverMonitoring-UptimeChecks(https://cloud.google.com/monitoring)" 1177 **1/1177082**
35.187.114.193 - - [21/Mar/2026:10:41:20 -0700] "GET / HTTP/2.0" 200 34590 "-" "GoogleStackdriverMonitoring-UptimeChecks(https://cloud.google.com/monitoring)" 1237 **1/1237803**
35.199.12.162 - - [21/Mar/2026:10:41:43 -0700] "GET / HTTP/2.0" 200 34590 "-" "GoogleStackdriverMonitoring-UptimeChecks(https://cloud.google.com/monitoring)" 1346 **1/1346596**
92.205.173.246 - - [21/Mar/2026:10:42:01 -0700] "POST /wp-cron.php?doing_wp_cron=1774114921.5160069465637207031250 HTTP/1.1" 200 - "-" "WordPress/6.8.2; https://jussuremdad.sa" 19 **0/19318**
35.199.123.150 - - [21/Mar/2026:10:42:00 -0700] "GET / HTTP/2.0" 200 34590 "-" "GoogleStackdriverMonitoring-UptimeChecks(https://cloud.google.com/monitoring)" 1622 **1/1622487**
35.197.32.224 - - [21/Mar/2026:10:42:06 -0700] "GET / HTTP/2.0" 200 34590 "-" "GoogleStackdriverMonitoring-UptimeChecks(https://cloud.google.com/monitoring)" 1218 **1/1218530**
35.186.159.51 - - [21/Mar/2026:10:42:16 -0700] "GET / HTTP/2.0" 200 34590 "-" "GoogleStackdriverMonitoring-UptimeChecks(https://cloud.google.com/monitoring)" 1200 **1/1200233**
35.238.3.7 - - [21/Mar/2026:10:42:18 -0700] "GET / HTTP/2.0" 200 34590 "-" "GoogleStackdriverMonitoring-UptimeChecks(https://cloud.google.com/monitoring)" 1205 **1/1205148**
35.205.205.242 - - [21/Mar/2026:10:42:20 -0700] "GET / HTTP/2.0" 200 34590 "-" "GoogleStackdriverMonitoring-UptimeChecks(https://cloud.google.com/monitoring)" 1255 **1/1255023**
35.186.176.31 - - [21/Mar/2026:10:42:43 -0700] "GET / HTTP/2.0" 200 34590 "-" "GoogleStackdriverMonitoring-UptimeChecks(https://cloud.google.com/monitoring)" 1177 **1/1177953**
92.205.173.246 - - [21/Mar/2026:10:43:01 -0700] "POST /wp-cron.php?doing_wp_cron=1774114981.7060029506683349609375 HTTP/1.1" 200 - "-" "WordPress/6.8.2; https://jussuremdad.sa" 18 **0/18667**
35.199.126.168 - - [21/Mar/2026:10:43:00 -0700] "GET / HTTP/2.0" 200 34590 "-" "GoogleStackdriverMonitoring-UptimeChecks(https://cloud.google.com/monitoring)" 1782 **1/1782772**
35.233.165.146 - - [21/Mar/2026:10:43:06 -0700] "GET / HTTP/2.0" 200 34590 "-" "GoogleStackdriverMonitoring-UptimeChecks(https://cloud.google.com/monitoring)" 1212 **1/1212086**
35.198.224.104 - - [21/Mar/2026:10:43:16 -0700] "GET / HTTP/2.0" 200 34590 "-" "GoogleStackdriverMonitoring-UptimeChecks(https://cloud.google.com/monitoring)" 1226 **1/1226662**
35.238.118.210 - - [21/Mar/2026:10:43:18 -0700] "GET / HTTP/2.0" 200 34590 "-" "GoogleStackdriverMonitoring-UptimeChecks(https://cloud.google.com/monitoring)" 1203 **1/1203470**
35.205.234.10 - - [21/Mar/2026:10:43:20 -0700] "GET / HTTP/2.0" 200 34590 "-" "GoogleStackdriverMonitoring-UptimeChecks(https://cloud.google.com/monitoring)" 1276 **1/1276630**
35.199.12.162 - - [21/Mar/2026:10:43:42 -0700] "GET / HTTP/2.0" 200 34590 "-" "GoogleStackdriverMonitoring-UptimeChecks(https://cloud.google.com/monitoring)" 1162 **1/1162596**
92.205.173.246 - - [21/Mar/2026:10:44:01 -0700] "POST /wp-cron.php?doing_wp_cron=1774115041.5915930271148681640625 HTTP/1.1" 200 - "-" "WordPress/6.8.2; https://jussuremdad.sa" 21 **0/21682**
35.198.39.162 - - [21/Mar/2026:10:44:00 -0700] "GET / HTTP/2.0" 200 34590 "-" "GoogleStackdriverMonitoring-UptimeChecks(https://cloud.google.com/monitoring)" 1682 **1/1682697**
35.233.165.146 - - [21/Mar/2026:10:44:06 -0700] "GET / HTTP/2.0" 200 34590 "-" "GoogleStackdriverMonitoring-UptimeChecks(https://cloud.google.com/monitoring)" 1411 **1/1411485**
35.240.151.105 - - [21/Mar/2026:10:44:16 -0700] "GET / HTTP/2.0" 200 34590 "-" "GoogleStackdriverMonitoring-UptimeChecks(https://cloud.google.com/monitoring)" 1276 **1/1276272**
35.238.118.210 - - [21/Mar/2026:10:44:18 -0700] "GET / HTTP/2.0" 200 34590 "-" "GoogleStackdriverMonitoring-UptimeChecks(https://cloud.google.com/monitoring)" 1192 **1/1192653**
35.195.128.75 - - [21/Mar/2026:10:44:20 -0700] "GET / HTTP/2.0" 200 34590 "-" "GoogleStackdriverMonitoring-UptimeChecks(https://cloud.google.com/monitoring)" 1266 **1/1266429**
35.221.55.249 - - [21/Mar/2026:10:44:42 -0700] "GET / HTTP/2.0" 200 34590 "-" "GoogleStackdriverMonitoring-UptimeChecks(https://cloud.google.com/monitoring)" 1211 **1/1211543**
92.205.173.246 - - [21/Mar/2026:10:45:02 -0700] "POST /wp-cron.php?doing_wp_cron=1774115102.0312299728393554687500 HTTP/1.1" 200 - "-" "WordPress/6.8.2; https://jussuremdad.sa" 31 **0/31546**
35.199.123.150 - - [21/Mar/2026:10:45:00 -0700] "GET / HTTP/2.0" 200 34590 "-" "GoogleStackdriverMonitoring-UptimeChecks(https://cloud.google.com/monitoring)" 2555 **2/2555342**
35.233.206.171 - - [21/Mar/2026:10:45:06 -0700] "GET / HTTP/2.0" 200 34590 "-" "GoogleStackdriverMonitoring-UptimeChecks(https://cloud.google.com/monitoring)" 1547 **1/1547935**
35.186.159.51 - - [21/Mar/2026:10:45:16 -0700] "GET / HTTP/2.0" 200 34590 "-" "GoogleStackdriverMonitoring-UptimeChecks(https://cloud.google.com/monitoring)" 1263 **1/1263237**
35.192.92.84 - - [21/Mar/2026:10:45:18 -0700] "GET / HTTP/2.0" 200 34590 "-" "GoogleStackdriverMonitoring-UptimeChecks(https://cloud.google.com/monitoring)" 1290 **1/1290086**
35.240.124.58 - - [21/Mar/2026:10:45:20 -0700] "GET / HTTP/2.0" 200 34590 "-" "GoogleStackdriverMonitoring-UptimeChecks(https://cloud.google.com/monitoring)" 1344 **1/1344551**
35.199.12.162 - - [21/Mar/2026:10:45:42 -0700] "GET / HTTP/2.0" 200 34590 "-" "GoogleStackdriverMonitoring-UptimeChecks(https://cloud.google.com/monitoring)" 1246 **1/1246447**
92.205.173.246 - - [21/Mar/2026:10:46:01 -0700] "POST /wp-cron.php?doing_wp_cron=1774115161.8304460048675537109375 HTTP/1.1" 200 - "-" "WordPress/6.8.2; https://jussuremdad.sa" 26 **0/26503**
35.199.123.150 - - [21/Mar/2026:10:46:00 -0700] "GET / HTTP/2.0" 200 34590 "-" "GoogleStackdriverMonitoring-UptimeChecks(https://cloud.google.com/monitoring)" 1995 **1/1995093**
35.233.206.171 - - [21/Mar/2026:10:46:06 -0700] "GET / HTTP/2.0" 200 34590 "-" "GoogleStackdriverMonitoring-UptimeChecks(https://cloud.google.com/monitoring)" 1339 **1/1339766**
35.186.159.51 - - [21/Mar/2026:10:46:16 -0700] "GET / HTTP/2.0" 200 34590 "-" "GoogleStackdriverMonitoring-UptimeChecks(https://cloud.google.com/monitoring)" 1226 **1/1226121**
35.238.118.210 - - [21/Mar/2026:10:46:18 -0700] "GET / HTTP/2.0" 200 34590 "-" "GoogleStackdriverMonitoring-UptimeChecks(https://cloud.google.com/monitoring)" 1305 **1/1305291**
35.195.128.75 - - [21/Mar/2026:10:46:20 -0700] "GET / HTTP/2.0" 200 34590 "-" "GoogleStackdriverMonitoring-UptimeChecks(https://cloud.google.com/monitoring)" 1249 **1/1249616**
35.186.176.31 - - [21/Mar/2026:10:46:42 -0700] "GET / HTTP/2.0" 200 34590 "-" "GoogleStackdriverMonitoring-UptimeChecks(https://cloud.google.com/monitoring)" 1226 **1/1226766**
92.205.173.246 - - [21/Mar/2026:10:47:02 -0700] "POST /wp-cron.php?doing_wp_cron=1774115222.0614531040191650390625 HTTP/1.1" 200 - "-" "WordPress/6.8.2; https://jussuremdad.sa" 18 **0/18808**
35.198.36.209 - - [21/Mar/2026:10:47:01 -0700] "GET / HTTP/2.0" 200 34590 "-" "GoogleStackdriverMonitoring-UptimeChecks(https://cloud.google.com/monitoring)" 1782 **1/1782686**
35.203.129.73 - - [21/Mar/2026:10:47:06 -0700] "GET / HTTP/2.0" 200 34590 "-" "GoogleStackdriverMonitoring-UptimeChecks(https://cloud.google.com/monitoring)" 1359 **1/1359596**
35.198.224.104 - - [21/Mar/2026:10:47:16 -0700] "GET / HTTP/2.0" 200 34590 "-" "GoogleStackdriverMonitoring-UptimeChecks(https://cloud.google.com/monitoring)" 1358 **1/1358790**
35.238.118.210 - - [21/Mar/2026:10:47:18 -0700] "GET / HTTP/2.0" 200 34590 "-" "GoogleStackdriverMonitoring-UptimeChecks(https://cloud.google.com/monitoring)" 1389 **1/1389904**
35.205.72.231 - - [21/Mar/2026:10:47:20 -0700] "GET / HTTP/2.0" 200 34590 "-" "GoogleStackdriverMonitoring-UptimeChecks(https://cloud.google.com/monitoring)" 1365 **1/1365391**
35.221.55.249 - - [21/Mar/2026:10:47:42 -0700] "GET / HTTP/2.0" 200 34590 "-" "GoogleStackdriverMonitoring-UptimeChecks(https://cloud.google.com/monitoring)" 1205 **1/1205800**
92.205.173.246 - - [21/Mar/2026:10:48:01 -0700] "POST /wp-cron.php?doing_wp_cron=1774115281.5118460655212402343750 HTTP/1.1" 200 - "-" "WordPress/6.8.2; https://jussuremdad.sa" 20 **0/20306**
35.199.90.14 - - [21/Mar/2026:10:48:00 -0700] "GET / HTTP/2.0" 200 34590 "-" "GoogleStackdriverMonitoring-UptimeChecks(https://cloud.google.com/monitoring)" 1648 **1/1648492**
35.233.165.146 - - [21/Mar/2026:10:48:06 -0700] "GET / HTTP/2.0" 200 34590 "-" "GoogleStackdriverMonitoring-UptimeChecks(https://cloud.google.com/monitoring)" 1266 **1/1266016**
35.186.159.51 - - [21/Mar/2026:10:48:17 -0700] "GET / HTTP/2.0" 200 34590 "-" "GoogleStackdriverMonitoring-UptimeChecks(https://cloud.google.com/monitoring)" 1233 **1/1233336**
35.238.118.210 - - [21/Mar/2026:10:48:18 -0700] "GET / HTTP/2.0" 200 34590 "-" "GoogleStackdriverMonitoring-UptimeChecks(https://cloud.google.com/monitoring)" 1363 **1/1363973**
35.187.114.193 - - [21/Mar/2026:10:48:20 -0700] "GET / HTTP/2.0" 200 34590 "-" "GoogleStackdriverMonitoring-UptimeChecks(https://cloud.google.com/monitoring)" 1237 **1/1237707**
35.199.12.162 - - [21/Mar/2026:10:48:42 -0700] "GET / HTTP/2.0" 200 34590 "-" "GoogleStackdriverMonitoring-UptimeChecks(https://cloud.google.com/monitoring)" 1256 **1/1256052**
92.205.173.246 - - [21/Mar/2026:10:49:01 -0700] "POST /wp-cron.php?doing_wp_cron=1774115341.6778960227966308593750 HTTP/1.1" 200 - "-" "WordPress/6.8.2; https://jussuremdad.sa" 23 **0/23929**
35.199.90.14 - - [21/Mar/2026:10:49:00 -0700] "GET / HTTP/2.0" 200 34590 "-" "GoogleStackdriverMonitoring-UptimeChecks(https://cloud.google.com/monitoring)" 1739 **1/1739056**
35.233.167.246 - - [21/Mar/2026:10:49:06 -0700] "GET / HTTP/2.0" 200 34590 "-" "GoogleStackdriverMonitoring-UptimeChecks(https://cloud.google.com/monitoring)" 1240 **1/1240016**
35.240.151.105 - - [21/Mar/2026:10:49:16 -0700] "GET / HTTP/2.0" 200 34590 "-" "GoogleStackdriverMonitoring-UptimeChecks(https://cloud.google.com/monitoring)" 1363 **1/1363710**
35.192.92.84 - - [21/Mar/2026:10:49:18 -0700] "GET / HTTP/2.0" 200 34590 "-" "GoogleStackdriverMonitoring-UptimeChecks(https://cloud.google.com/monitoring)" 1148 **1/1148814**
35.187.114.193 - - [21/Mar/2026:10:49:20 -0700] "GET / HTTP/2.0" 200 34590 "-" "GoogleStackdriverMonitoring-UptimeChecks(https://cloud.google.com/monitoring)" 1215 **1/1215643**
35.221.55.249 - - [21/Mar/2026:10:49:42 -0700] "GET / HTTP/2.0" 200 34590 "-" "GoogleStackdriverMonitoring-UptimeChecks(https://cloud.google.com/monitoring)" 1198 **1/1198801**
92.205.173.246 - - [21/Mar/2026:10:50:02 -0700] "POST /wp-cron.php?doing_wp_cron=1774115402.5834019184112548828125 HTTP/1.1" 200 - "-" "WordPress/6.8.2; https://jussuremdad.sa" 30 **0/30002**
35.199.77.186 - - [21/Mar/2026:10:50:01 -0700] "GET / HTTP/2.0" 200 34590 "-" "GoogleStackdriverMonitoring-UptimeChecks(https://cloud.google.com/monitoring)" 2894 **2/2894283**
35.233.206.171 - - [21/Mar/2026:10:50:06 -0700] "GET / HTTP/2.0" 200 34590 "-" "GoogleStackdriverMonitoring-UptimeChecks(https://cloud.google.com/monitoring)" 1545 **1/1545098**
35.198.248.66 - - [21/Mar/2026:10:50:16 -0700] "GET / HTTP/2.0" 200 34590 "-" "GoogleStackdriverMonitoring-UptimeChecks(https://cloud.google.com/monitoring)" 1411 **1/1411328**
104.197.30.241 - - [21/Mar/2026:10:50:18 -0700] "GET / HTTP/2.0" 200 34590 "-" "GoogleStackdriverMonitoring-UptimeChecks(https://cloud.google.com/monitoring)" 1336 **1/1336481**
35.205.72.231 - - [21/Mar/2026:10:50:20 -0700] "GET / HTTP/2.0" 200 34590 "-" "GoogleStackdriverMonitoring-UptimeChecks(https://cloud.google.com/monitoring)" 1291 **1/1291852**
35.221.55.249 - - [21/Mar/2026:10:50:42 -0700] "GET / HTTP/2.0" 200 34590 "-" "GoogleStackdriverMonitoring-UptimeChecks(https://cloud.google.com/monitoring)" 1343 **1/1343815**
92.205.173.246 - - [21/Mar/2026:10:50:52 -0700] "POST /wp-cron.php?doing_wp_cron=1774115452.9495170116424560546875 HTTP/1.1" 200 - "-" "WordPress/6.8.2; https://jussuremdad.sa" 18 **0/18146**
66.249.69.129 - - [21/Mar/2026:10:50:52 -0700] "GET /robots.txt HTTP/1.1" 200 89 "-" "Mozilla/5.0 (compatible; Googlebot/2.1; +http://www.google.com/bot.html)" 797 **0/797935**
66.249.76.69 - - [21/Mar/2026:10:50:53 -0700] "GET /ar/ HTTP/1.1" 200 32766 "-" "Mozilla/5.0 (Linux; Android 6.0.1; Nexus 5X Build/MMB29P) AppleWebKit/537.36 (KHTML, like Gecko) Chrome/99.0.4844.84 Mobile Safari/537.36 (compatible; Googlebot/2.1; +http://www.google.com/bot.html)" 1407 **1/1407263**
66.249.69.141 - - [21/Mar/2026:10:50:53 -0700] "GET /ar/ HTTP/1.1" 200 32759 "-" "Mozilla/5.0 (compatible; Googlebot/2.1; +http://www.google.com/bot.html)" 1299 **1/1299801**
66.249.76.69 - - [21/Mar/2026:10:50:57 -0700] "GET /wp-content/plugins/sitepress-multilingual-cms/templates/language-switchers/legacy-list-horizontal/style.min.css?ver=1 HTTP/1.1" 200 236 "https://jussuremdad.sa/ar/" "Mozilla/5.0 (Linux; Android 6.0.1; Nexus 5X Build/MMB29P) AppleWebKit/537.36 (KHTML, like Gecko) Chrome/145.0.7632.159 Mobile Safari/537.36 (compatible; Googlebot/2.1; +http://www.google.com/bot.html)" 7 **0/7768**
66.249.76.69 - - [21/Mar/2026:10:50:58 -0700] "GET /wp-content/themes/aploxn/assets/css/style.css?ver=1756238939 HTTP/1.1" 200 38133 "https://jussuremdad.sa/ar/" "Mozilla/5.0 (Linux; Android 6.0.1; Nexus 5X Build/MMB29P) AppleWebKit/537.36 (KHTML, like Gecko) Chrome/145.0.7632.159 Mobile Safari/537.36 (compatible; Googlebot/2.1; +http://www.google.com/bot.html)" 24 **0/24709**
66.249.69.141 - - [21/Mar/2026:10:50:58 -0700] "GET /wp-content/plugins/elementor/assets/lib/eicons/css/elementor-icons.min.css?ver=5.43.0 HTTP/1.1" 200 3990 "https://jussuremdad.sa/ar/" "Mozilla/5.0 (Linux; Android 6.0.1; Nexus 5X Build/MMB29P) AppleWebKit/537.36 (KHTML, like Gecko) Chrome/145.0.7632.159 Mobile Safari/537.36 (compatible; Googlebot/2.1; +http://www.google.com/bot.html)" 8 **0/8197**
66.249.69.128 - - [21/Mar/2026:10:50:58 -0700] "GET /wp-content/plugins/ht-mega-for-elementor/assets/css/animation.css?ver=2.9.5 HTTP/1.1" 200 3997 "https://jussuremdad.sa/ar/" "Mozilla/5.0 (Linux; Android 6.0.1; Nexus 5X Build/MMB29P) AppleWebKit/537.36 (KHTML, like Gecko) Chrome/145.0.7632.159 Mobile Safari/537.36 (compatible; Googlebot/2.1; +http://www.google.com/bot.html)" 11 **0/11889**
66.249.69.141 - - [21/Mar/2026:10:50:58 -0700] "GET /wp-content/themes/aploxn/assets/js/jquery.marquee.min.js?ver=1756238939 HTTP/1.1" 200 1880 "https://jussuremdad.sa/ar/" "Mozilla/5.0 (Linux; Android 6.0.1; Nexus 5X Build/MMB29P) AppleWebKit/537.36 (KHTML, like Gecko) Chrome/145.0.7632.159 Mobile Safari/537.36 (compatible; Googlebot/2.1; +http://www.google.com/bot.html)" 7 **0/7207**
66.249.69.128 - - [21/Mar/2026:10:50:58 -0700] "GET /wp-content/themes/aploxn/assets/js/chart-custom.js?ver=1756238939 HTTP/1.1" 200 406 "https://jussuremdad.sa/ar/" "Mozilla/5.0 (Linux; Android 6.0.1; Nexus 5X Build/MMB29P) AppleWebKit/537.36 (KHTML, like Gecko) Chrome/145.0.7632.159 Mobile Safari/537.36 (compatible; Googlebot/2.1; +http://www.google.com/bot.html)" 8 **0/8215**
66.249.69.128 - - [21/Mar/2026:10:50:58 -0700] "GET /wp-content/themes/aploxn/assets/js/jquery.marquee.min.js?ver=1756238939 HTTP/1.1" 200 1880 "https://jussuremdad.sa/ar/" "Mozilla/5.0 AppleWebKit/537.36 (KHTML, like Gecko; compatible; Googlebot/2.1; +http://www.google.com/bot.html) Chrome/145.0.7632.159 Safari/537.36" 6 **0/6878**
66.249.69.128 - - [21/Mar/2026:10:50:59 -0700] "GET /wp-content/plugins/elementor/assets/lib/eicons/css/elementor-icons.min.css?ver=5.43.0 HTTP/1.1" 200 3990 "https://jussuremdad.sa/ar/" "Mozilla/5.0 AppleWebKit/537.36 (KHTML, like Gecko; compatible; Googlebot/2.1; +http://www.google.com/bot.html) Chrome/145.0.7632.159 Safari/537.36" 8 **0/8037**
66.249.69.128 - - [21/Mar/2026:10:50:59 -0700] "GET /wp-content/uploads/elementor/google-fonts/css/marcellus.css?ver=1751461396 HTTP/1.1" 200 353 "https://jussuremdad.sa/ar/" "Mozilla/5.0 AppleWebKit/537.36 (KHTML, like Gecko; compatible; Googlebot/2.1; +http://www.google.com/bot.html) Chrome/145.0.7632.159 Safari/537.36" 6 **0/6258**
66.249.69.128 - - [21/Mar/2026:10:51:00 -0700] "GET /wp-content/plugins/preloader-awesome/public/js/svgloader.js?ver=1.0.0 HTTP/1.1" 200 972 "https://jussuremdad.sa/ar/" "Mozilla/5.0 AppleWebKit/537.36 (KHTML, like Gecko; compatible; Googlebot/2.1; +http://www.google.com/bot.html) Chrome/145.0.7632.159 Safari/537.36" 7 **0/7815**
66.249.69.141 - - [21/Mar/2026:10:51:00 -0700] "GET /wp-content/themes/aploxn/assets/css/bootstrap-icons.css?ver=1756238939 HTTP/1.1" 200 12525 "https://jussuremdad.sa/ar/" "Mozilla/5.0 AppleWebKit/537.36 (KHTML, like Gecko; compatible; Googlebot/2.1; +http://www.google.com/bot.html) Chrome/145.0.7632.159 Safari/537.36" 11 **0/11843**
66.249.69.141 - - [21/Mar/2026:10:51:01 -0700] "GET /wp-content/themes/aploxn/assets/css/swiper-bundle.min.css?ver=1756238939 HTTP/1.1" 200 4505 "https://jussuremdad.sa/ar/" "Mozilla/5.0 AppleWebKit/537.36 (KHTML, like Gecko; compatible; Googlebot/2.1; +http://www.google.com/bot.html) Chrome/145.0.7632.159 Safari/537.36" 8 **0/8362**
66.249.69.141 - - [21/Mar/2026:10:51:01 -0700] "GET /wp-content/plugins/sitepress-multilingual-cms/templates/language-switchers/legacy-list-horizontal/style.min.css?ver=1 HTTP/1.1" 200 236 "https://jussuremdad.sa/ar/" "Mozilla/5.0 AppleWebKit/537.36 (KHTML, like Gecko; compatible; Googlebot/2.1; +http://www.google.com/bot.html) Chrome/145.0.7632.159 Safari/537.36" 10 **0/10482**
66.249.69.141 - - [21/Mar/2026:10:51:01 -0700] "GET /wp-content/plugins/ht-mega-for-elementor/assets/css/animation.css?ver=2.9.5 HTTP/1.1" 200 3997 "https://jussuremdad.sa/ar/" "Mozilla/5.0 AppleWebKit/537.36 (KHTML, like Gecko; compatible; Googlebot/2.1; +http://www.google.com/bot.html) Chrome/145.0.7632.159 Safari/537.36" 10 **0/10841**
66.249.69.141 - - [21/Mar/2026:10:51:02 -0700] "GET /wp-content/plugins/elementor-pro/assets/css/widget-blockquote.min.css?ver=3.25.0 HTTP/1.1" 200 955 "https://jussuremdad.sa/ar/" "Mozilla/5.0 AppleWebKit/537.36 (KHTML, like Gecko; compatible; Googlebot/2.1; +http://www.google.com/bot.html) Chrome/145.0.7632.159 Safari/537.36" 11 **0/11099**
35.199.77.186 - - [21/Mar/2026:10:51:01 -0700] "GET / HTTP/2.0" 200 34590 "-" "GoogleStackdriverMonitoring-UptimeChecks(https://cloud.google.com/monitoring)" 1738 **1/1738834**
66.249.69.141 - - [21/Mar/2026:10:51:02 -0700] "GET /wp-content/themes/aploxn/assets/css/style.css?ver=1756238939 HTTP/1.1" 200 38133 "https://jussuremdad.sa/ar/" "Mozilla/5.0 AppleWebKit/537.36 (KHTML, like Gecko; compatible; Googlebot/2.1; +http://www.google.com/bot.html) Chrome/145.0.7632.159 Safari/537.36" 35 **0/35769**
66.249.69.141 - - [21/Mar/2026:10:51:03 -0700] "GET /wp-content/themes/aploxn/assets/css/slick-theme.css?ver=1756238939 HTTP/1.1" 200 657 "https://jussuremdad.sa/ar/" "Mozilla/5.0 AppleWebKit/537.36 (KHTML, like Gecko; compatible; Googlebot/2.1; +http://www.google.com/bot.html) Chrome/145.0.7632.159 Safari/537.36" 6 **0/6969**
66.249.69.141 - - [21/Mar/2026:10:51:03 -0700] "GET /wp-content/uploads/elementor/css/post-3.css?ver=1757412586 HTTP/1.1" 200 533 "https://jussuremdad.sa/ar/" "Mozilla/5.0 AppleWebKit/537.36 (KHTML, like Gecko; compatible; Googlebot/2.1; +http://www.google.com/bot.html) Chrome/145.0.7632.159 Safari/537.36" 8 **0/8859**
66.249.69.141 - - [21/Mar/2026:10:51:04 -0700] "GET /wp-content/plugins/elementor-pro/assets/css/widget-blockquote.min.css?ver=3.25.0 HTTP/1.1" 200 955 "https://jussuremdad.sa/ar/" "Mozilla/5.0 (Linux; Android 6.0.1; Nexus 5X Build/MMB29P) AppleWebKit/537.36 (KHTML, like Gecko) Chrome/145.0.7632.159 Mobile Safari/537.36 (compatible; Googlebot/2.1; +http://www.google.com/bot.html)" 7 **0/7549**
66.249.69.141 - - [21/Mar/2026:10:51:04 -0700] "GET /wp-content/plugins/ht-mega-for-elementor/assets/extensions/wc-sales-notification/css/wc_notification.css?ver=2.9.5 HTTP/1.1" 200 656 "https://jussuremdad.sa/ar/" "Mozilla/5.0 AppleWebKit/537.36 (KHTML, like Gecko; compatible; Googlebot/2.1; +http://www.google.com/bot.html) Chrome/145.0.7632.159 Safari/537.36" 7 **0/7205**
66.249.69.141 - - [21/Mar/2026:10:51:04 -0700] "GET /wp-content/themes/aploxn/assets/css/swiper-bundle.min.css?ver=1756238939 HTTP/1.1" 200 4505 "https://jussuremdad.sa/ar/" "Mozilla/5.0 (Linux; Android 6.0.1; Nexus 5X Build/MMB29P) AppleWebKit/537.36 (KHTML, like Gecko) Chrome/145.0.7632.159 Mobile Safari/537.36 (compatible; Googlebot/2.1; +http://www.google.com/bot.html)" 8 **0/8277**
66.249.69.141 - - [21/Mar/2026:10:51:05 -0700] "GET /wp-content/themes/aploxn/assets/css/slick-theme.css?ver=1756238939 HTTP/1.1" 200 657 "https://jussuremdad.sa/ar/" "Mozilla/5.0 (Linux; Android 6.0.1; Nexus 5X Build/MMB29P) AppleWebKit/537.36 (KHTML, like Gecko) Chrome/145.0.7632.159 Mobile Safari/537.36 (compatible; Googlebot/2.1; +http://www.google.com/bot.html)" 8 **0/8240**
66.249.76.69 - - [21/Mar/2026:10:51:05 -0700] "GET /wp-content/uploads/elementor/css/post-3.css?ver=1757412586 HTTP/1.1" 200 533 "https://jussuremdad.sa/ar/" "Mozilla/5.0 (Linux; Android 6.0.1; Nexus 5X Build/MMB29P) AppleWebKit/537.36 (KHTML, like Gecko) Chrome/145.0.7632.159 Mobile Safari/537.36 (compatible; Googlebot/2.1; +http://www.google.com/bot.html)" 7 **0/7351**
66.249.69.141 - - [21/Mar/2026:10:51:06 -0700] "GET /wp-content/themes/aploxn/assets/css/bootstrap-icons.css?ver=1756238939 HTTP/1.1" 200 12525 "https://jussuremdad.sa/ar/" "Mozilla/5.0 (Linux; Android 6.0.1; Nexus 5X Build/MMB29P) AppleWebKit/537.36 (KHTML, like Gecko) Chrome/145.0.7632.159 Mobile Safari/537.36 (compatible; Googlebot/2.1; +http://www.google.com/bot.html)" 15 **0/15539**
66.249.69.141 - - [21/Mar/2026:10:51:06 -0700] "GET /wp-content/uploads/elementor/google-fonts/css/marcellus.css?ver=1751461396 HTTP/1.1" 200 353 "https://jussuremdad.sa/ar/" "Mozilla/5.0 (Linux; Android 6.0.1; Nexus 5X Build/MMB29P) AppleWebKit/537.36 (KHTML, like Gecko) Chrome/145.0.7632.159 Mobile Safari/537.36 (compatible; Googlebot/2.1; +http://www.google.com/bot.html)" 6 **0/6888**
66.249.69.141 - - [21/Mar/2026:10:51:06 -0700] "GET /wp-content/plugins/ht-mega-for-elementor/assets/extensions/wc-sales-notification/css/wc_notification.css?ver=2.9.5 HTTP/1.1" 200 656 "https://jussuremdad.sa/ar/" "Mozilla/5.0 (Linux; Android 6.0.1; Nexus 5X Build/MMB29P) AppleWebKit/537.36 (KHTML, like Gecko) Chrome/145.0.7632.159 Mobile Safari/537.36 (compatible; Googlebot/2.1; +http://www.google.com/bot.html)" 8 **0/8119**
66.249.69.141 - - [21/Mar/2026:10:51:07 -0700] "GET /wp-content/plugins/preloader-awesome/public/js/svgloader.js?ver=1.0.0 HTTP/1.1" 200 972 "https://jussuremdad.sa/ar/" "Mozilla/5.0 (Linux; Android 6.0.1; Nexus 5X Build/MMB29P) AppleWebKit/537.36 (KHTML, like Gecko) Chrome/145.0.7632.159 Mobile Safari/537.36 (compatible; Googlebot/2.1; +http://www.google.com/bot.html)" 8 **0/8291**
